 + 347. What is the hundreds digit of h?
3
Let c be (2 + 0)/1 - (17 + -1). Let x be (-77)/22*(30/c + 1). What is the units digit of 31/((-1)/x*-2)?
2
Let b(j) = 2297*j**3 - 4*j**2 + 2*j - 1. What is the tens digit of b(2)?
6
Let p(i) = -21 + 483*i - 771*i + 12 - 654*i - 17. What is the hundreds digit of p(-2)?
8
Suppose 24114 = 2*f - 2*k, 3*f + 40*k - 36163 = 35*k. What is the thousands digit of f?
2
Let b(w) = 6*w**3 - w**2 + 3*w - 3. Suppose -14*n + 5 = -9*n. Let d be b(n). Suppose d*g + 182 = z + 4*g, -749 = -4*z - 3*g. What is the units digit of z?
5
Let q(x) = 58*x**3 + 5*x**2 + 5*x - 1. Let j = 71 - 69. What is the units digit of q(j)?
3
Suppose -521*u + 322864 - 4518 = -514*u. What is the tens digit of u?
7
Let j(c) = -c**3 - 15*c**2 + 4*c + 12. Let t be j(-7). Let g = 0 - t. What is the hundreds digit of g?
4
Let h(x) = 96*x + 891. What is the units digit of h(-6)?
5
Let v be (-3 - 1)/(0 - 1). Suppose 0 = 5*y - 4*g - 1237, y - 7*g = -0*y + 235. Suppose r - 5*j = 162, -r = v*j + 96 - y. What is the units digit of r?
7
Let g(k) = 21*k. Suppose 0 = 3*r - 4 - 8. Let h(f) = -21*f - 1. Let l(x) = r*h(x) + 3*g(x). What is the tens digit of l(-4)?
8
Let l = -11360 - -28386. What is the thousands digit of l?
7
Suppose 32*b - 37*b + 5*g + 24330 = 0, -24338 = -5*b + g. What is the tens digit of b?
6
Let z(i) = 2*i**2 - 1019*i + 150. What is the thousands digit of z(-39)?
2
Suppose d = 7 - 2. Let i = 7 - d. Suppose 0 = 9*z - i*z - 693. What is the units digit of z?
9
Let k(y) = 422*y + 1305. What is the tens digit of k(24)?
3
Suppose -55*w = -4*i - 59*w + 100700, 3*i + w = 75523. What is the tens digit of i?
7
Let u(g) = -g**3 + 12*g**2 - 10*g + 45. Let d be u(12). Let q = -32 - d. What is the tens digit of q?
4
Let t(z) = -z**3 + 4*z**2 + 3*z + 1. Let i be t(5). Let q = -9 - i. Suppose q*s + 2 = s. What is the units digit of s?
2
Let c(n) = 125*n - 88. Let r be c(3). Suppose -15736 = 279*t - r*t. What is the tens digit of t?
6
Let a(j) = -2*j + 40. Let f be a(-27). Suppose -10*r - 19 + 89 = 0. Suppose r*x = 53 + f. What is the units digit of x?
1
Let n = -41 + 31. Let h = n - -13. Suppose -2 = 2*g - 4, -249 = -2*o + h*g. What is the units digit of o?
6
What is the hundreds digit of -13 - (28 - 14 - 13316)?
2
Suppose 0 = 7*w + 544 - 530. Let p(m) = 379*m**2 + m - 1. What is the units digit of p(w)?
3
Let x be 2/3*(-15)/(-10) + 3. Suppose 9 = i - x*i. What is the hundreds digit of ((-447)/6 + i)/((-4)/8)?
1
Suppose -2*y - 3*y + 145 = 5*k, -2*k + 3*y + 83 = 0. Suppose -k*h - 13*h + 3243 = 0. What is the tens digit of h?
6
Let r = -25187 - -64272. What is the tens digit of r?
8
Let a(c) = 2*c**3 + 9*c**2 + 5*c + 6. Let t(l) = l**3 - l - 1. Let x(w) = -a(w) + t(w). Let h be x(-7). Let b = 192 + h. What is the hundreds digit of b?
1
Let r(h) = -287*h + 3487. What is the ten thousands digit of r(-37)?
1
Let s(o) = -o - 4. Let z be s(-7). Suppose -2*g - 2878 = 5*b - 8*b, b - 950 = z*g. What is the units digit of b?
2
Suppose -2*t - 4*a - 18 = 0, -24 + 6 = 2*t - 5*a. Let c be 16/12 + (42/t)/(-7). What is the tens digit of (91/(-39) - -1*c)*-762?
5
Let g(f) = f**3 + 12*f**2 + 34*f + 130. Let h be (-2 + 25/15)/((-2)/(-54)). What is the units digit of g(h)?
7
Suppose 67 + 38 = 7*k. Let r = 43 + k. Let u = 170 - r. What is the units digit of u?
2
Let t(y) = 4*y + 29. Let a be t(-6). Suppose -3*u - u = -a*i + 1, -2*i = 6. What is the units digit of u/(-12)*-3 + 40?
9
What is the thousands digit of 608/1368 + (-753418)/(-18)?
1
Let v(z) = -2*z - 44. Let y be v(-14). What is the hundreds digit of 24/y*(-5060)/15?
5
Suppose 4*h = -11*h + 37665. Suppose 5*x - h = -5*c + x, 0 = -3*c - 3*x + 1509. What is the units digit of c?
9
Let p(o) = 56*o**2 - 120*o + 2477. What is the thousands digit of p(18)?
8
Let k = 121 - -410. Suppose 11*p - 12*p + k = 0. What is the tens digit of p?
3
What is the units digit of ((-72432)/162)/(4/(-18))?
2
Suppose 0 = -2*o + 2*q + 97562, 54492 - 5723 = o + 5*q. What is the hundreds digit of o?
7
Let w = -8047 + 11781. What is the thousands digit of w?
3
Suppose -559*d = 4*l - 557*d - 28344, 35427 = 5*l + 3*d. What is the tens digit of l?
8
Let d(y) = 2568*y**2 + 625*y - 45. What is the thousands digit of d(5)?
7
Suppose 18*l = -8*l + 24*l + 19152. What is the units digit of l?
6
Suppose 2*p = 2*g - 142, 215 - 582 = -5*g + 2*p. Let x = g + 87. What is the tens digit of x?
6
Let o = -540 + -97. Let p = o + 1326. What is the tens digit of p?
8
Let a = 305 - 295. Suppose a = -y + c + 265, 5*y = c + 1275. What is the hundreds digit of y?
2
Suppose -8*m + 7 = -9. Let c(z) = 274*z**2 + 2*z + 9. What is the hundreds digit of c(m)?
1
What is the ten thousands digit of ((-3443412)/(-44))/7 + (-1)/(-11)?
1
Let s(z) = 11*z**2 - 68*z + 4. Let v be s(6). What is the thousands digit of (-16)/v*4 - -1192?
1
Suppose -5*b + 7838 = 3*q, 0 = 3*q - 11*q + b + 20844. What is the hundreds digit of q?
6
Let r(v) = -34 + 10 + 4 - 2*v. Let j be r(-10). Suppose 18*a - 13*a - 480 = j. What is the tens digit of a?
9
Suppose -6*f - j = -2*f - 17153, 4*f = -3*j + 17155. What is the tens digit of f?
8
Suppose -4459775 = -1234*z + 1139*z. What is the hundreds digit of z?
9
Let k = 3584 + 5915. What is the thousands digit of k?
9
Suppose 0 = -w + 4*o + 29 - 11, 2*o = -4*w - 18. What is the tens digit of ((-1)/3)/((-3 + w)/645)?
4
Let d = -4 - -4. Suppose 4*a + 3*j - 841 = 0, 4 = -4*j - d*j. What is the hundreds digit of a?
2
Let n(j) be the third derivative of -7*j**4/24 - 43*j**3/3 - 33*j**2. What is the units digit of n(-15)?
9
Let q(m) = 31*m**3 - 13*m**2 - 8*m + 10. What is the units digit of q(4)?
4
Let u be (13/4)/(5/(-20)). Let r(d) = -9*d**2 + 15*d - 6. Let h(o) = -19*o**2 + 30*o - 12. Let w(i) = u*r(i) + 6*h(i). What is the tens digit of w(11)?
0
What is the units digit of ((-602658)/81)/(46/(-207))?
1
Suppose 11*f = 9*f + 36. Let h = f + -12. What is the tens digit of 369/h*(4 + -2 + 0)?
2
Suppose 433 + 172 = -3*c + 4*g, 207 = -c + 4*g. Let m = 1249 - c. What is the thousands digit of m?
1
Let v(a) = -2*a**3 + 3*a**3 - 226*a**2 + 219*a**2 + 9 + 5*a + 3. Let i be v(6). Suppose i*h = 3*h - 6, -5*h = 4*q - 686. What is the hundreds digit of q?
1
Let i be (-2 + 12 - 7)*(-26194)/6. What is the hundreds digit of i/(-14) + (-2)/(-4)?
9
Let o(h) be the second derivative of 2*h**2 + 0 + 79/6*h**3 - 15*h. What is the units digit of o(1)?
3
Let r be 17/(119/70) + -3. Suppose r*i - u + 1490 = 12*i, 3*i + 4*u = 894. What is the units digit of i?
8
Suppose -5*a - 30836 = -3*n + 11342, 2*n = 3*a + 28121. What is the hundreds digit of n?
0
Let x be (197/5 - -1)*(-50 + 45). Let d = x + 317. What is the units digit of d?
5
Suppose -4*z - 3*n = -99696, 3*z - 4408*n = -4405*n + 74751. What is the ten thousands digit of z?
2
Let i(u) = -6*u + 26 + 20 + 3 - 7. Let w be i(5). Suppose -7*f = -w*f + 585. What is the tens digit of f?
1
Let f(x) = -2*x - x**2 + 24 + 19*x**3 - 39*x**3 + 21*x**3 + 0*x**2. What is the tens digit of f(8)?
5
Let h(c) = -14*c**2 - 1143*c + 51. What is the units digit of h(-63)?
4
Let a(u) = 76*u - 8. Let t be a(5). Suppose 0 = -7*r + t + 167. Suppose 5*s - 215 = -5*i, 3*s - 3*i + r = 206. What is the units digit of s?
3
Let c(j) = 60*j**2 + 10*j - 17. What is the tens digit of c(3)?
5
Let y = 191 - 187. What is the units digit of (24/9)/y + (-26)/(-6)?
5
Let o = 774 + -776. What is the units digit of (-4 + -459)*(o - 2)/2?
6
Let s = 218 - 197. What is the tens digit of (685 + -1)*(-13)/((-364)/s)?
1
Let c(o) = -2009*o + 5698. What is the ten thousands digit of c(-8)?
2
Let f(i) = 273*i - 1765. What is the tens digit of f(14)?
5
Let w(o) = 15*o**3 - 20*o**2 + 87*o - 536. What is the ten thousands digit of w(12)?
2
Suppose 0 = -3*w - 209 + 212, -39769 = -3*t - 4*w. What is the units digit of t?
5
What is the tens digit of (4/(-10)*-32)/(-17 - 19807/(-1165))?
5
Let h be (-14)/(-4) - (-2)/(-4). Suppose -1228 = -h*u + 1772. What is the units digit of 1/(3 - u/335)?
7
Let b(j) = -131*j - 1894. What is the thousands digit of b(-90)?
9
Suppose -k - 2*k - 5*u = -20, 0 = 3*u - 12. Suppose k = -3*x - x + x. Suppose x*b + b - 5*s = 117, 3*s = 3. What is the hundreds digit of b?
1
Suppose 3*r = 1 + 11. Let w = -1783 - -1791. Suppose w*v = r*v + 136. What is the units 